{"id":12,"date":"2024-07-05T11:39:42","date_gmt":"2024-07-05T09:39:42","guid":{"rendered":"https:\/\/videotar.tinodi-eger.hu\/?page_id=12"},"modified":"2024-07-10T23:30:01","modified_gmt":"2024-07-10T21:30:01","slug":"archiv","status":"publish","type":"page","link":"https:\/\/videotar.tinodi-eger.hu\/index.php\/archiv\/","title":{"rendered":"Arch\u00edv"},"content":{"rendered":"<p>K\u00e9rem, v\u00e1lassza ki melyik tan\u00e9vb\u0151l szeretne vide\u00f3t l\u00e1tni!<\/p>\n","protected":false},"excerpt":{"rendered":"<p>K\u00e9rem, v\u00e1lassza ki melyik tan\u00e9vb\u0151l szeretne vide\u00f3t l\u00e1tni!<\/p>\n","protected":false},"author":1,"featured_media":0,"parent":0,"menu_order":0,"comment_status":"closed","ping_status":"closed","template":"","meta":{"footnotes":""},"class_list":["post-12","page","type-page","status-publish","hentry"],"_links":{"self":[{"href":"https:\/\/videotar.tinodi-eger.hu\/index.php\/wp-json\/wp\/v2\/pages\/12","targetHints":{"allow":["GET"]}}],"collection":[{"href":"https:\/\/videotar.tinodi-eger.hu\/index.php\/wp-json\/wp\/v2\/pages"}],"about":[{"href":"https:\/\/videotar.tinodi-eger.hu\/index.php\/wp-json\/wp\/v2\/types\/page"}],"author":[{"embeddable":true,"href":"https:\/\/videotar.tinodi-eger.hu\/index.php\/wp-json\/wp\/v2\/users\/1"}],"replies":[{"embeddable":true,"href":"https:\/\/videotar.tinodi-eger.hu\/index.php\/wp-json\/wp\/v2\/comments?post=12"}],"version-history":[{"count":24,"href":"https:\/\/videotar.tinodi-eger.hu\/index.php\/wp-json\/wp\/v2\/pages\/12\/revisions"}],"predecessor-version":[{"id":182,"href":"https:\/\/videotar.tinodi-eger.hu\/index.php\/wp-json\/wp\/v2\/pages\/12\/revisions\/182"}],"wp:attachment":[{"href":"https:\/\/videotar.tinodi-eger.hu\/index.php\/wp-json\/wp\/v2\/media?parent=12"}],"curies":[{"name":"wp","href":"https:\/\/api.w.org\/{rel}","templated":true}]}}